{"id":561,"date":"2025-10-15T14:21:46","date_gmt":"2025-10-15T14:21:46","guid":{"rendered":"https:\/\/olivia-bioche.mds-angers.yt\/?page_id=561"},"modified":"2025-10-15T16:48:43","modified_gmt":"2025-10-15T16:48:43","slug":"connexion","status":"publish","type":"page","link":"https:\/\/olivia-bioche.mds-angers.yt\/index.php\/connexion\/","title":{"rendered":"Connexion"},"content":{"rendered":"\t\t<div data-elementor-type=\"wp-page\" data-elementor-id=\"561\" class=\"elementor elementor-561\">\n\t\t\t\t<div class=\"elementor-element elementor-element-0f2cf86 e-flex e-con-boxed e-con e-parent\" data-id=\"0f2cf86\" data-element_type=\"container\">\n\t\t\t\t\t<div class=\"e-con-inner\">\n\t\t\t\t<div class=\"elementor-element elementor-element-adac40e elementor-widget elementor-widget-image\" data-id=\"adac40e\" data-element_type=\"widget\" data-widget_type=\"image.default\">\n\t\t\t\t\t\t\t\t\t\t\t\t\t\t\t<img alt=\"\" fetchpriority=\"high\" decoding=\"async\" width=\"736\" height=\"736\" src=\"https:\/\/olivia-bioche.mds-angers.yt\/wp-content\/uploads\/2025\/10\/eaten-donut.webp\" class=\"attachment-large size-large wp-image-569\" alt=\"\" srcset=\"https:\/\/olivia-bioche.mds-angers.yt\/wp-content\/uploads\/2025\/10\/eaten-donut.webp 736w, https:\/\/olivia-bioche.mds-angers.yt\/wp-content\/uploads\/2025\/10\/eaten-donut-300x300.webp 300w, https:\/\/olivia-bioche.mds-angers.yt\/wp-content\/uploads\/2025\/10\/eaten-donut-150x150.webp 150w\" sizes=\"(max-width: 736px) 100vw, 736px\" \/>\t\t\t\t\t\t\t\t\t\t\t\t\t\t\t<\/div>\n\t\t<div class=\"elementor-element elementor-element-258c113 e-con-full e-flex e-con e-child\" data-id=\"258c113\" data-element_type=\"container\">\n\t\t<div class=\"elementor-element elementor-element-44f0c19 e-con-full e-flex e-con e-child\" data-id=\"44f0c19\" data-element_type=\"container\">\n\t\t\t\t<div class=\"elementor-element elementor-element-2f67874 elementor-widget elementor-widget-button\" data-id=\"2f67874\" data-element_type=\"widget\" data-widget_type=\"button.default\">\n\t\t\t\t\t\t\t\t\t\t<a class=\"elementor-button elementor-button-link elementor-size-sm\" href=\"https:\/\/olivia-bioche.mds-angers.yt\/index.php\/compte\/\">\n\t\t\t\t\t\t<span class=\"elementor-button-content-wrapper\">\n\t\t\t\t\t\t\t\t\t<span class=\"elementor-button-text\">Connexion<\/span>\n\t\t\t\t\t<\/span>\n\t\t\t\t\t<\/a>\n\t\t\t\t\t\t\t\t<\/div>\n\t\t\t\t<div class=\"elementor-element elementor-element-1e1152a elementor-widget elementor-widget-button\" data-id=\"1e1152a\" data-element_type=\"widget\" data-widget_type=\"button.default\">\n\t\t\t\t\t\t\t\t\t\t<a class=\"elementor-button elementor-button-link elementor-size-sm\" href=\"https:\/\/olivia-bioche.mds-angers.yt\/index.php\/compte\/\">\n\t\t\t\t\t\t<span class=\"elementor-button-content-wrapper\">\n\t\t\t\t\t\t\t\t\t<span class=\"elementor-button-text\">Inscription<\/span>\n\t\t\t\t\t<\/span>\n\t\t\t\t\t<\/a>\n\t\t\t\t\t\t\t\t<\/div>\n\t\t\t\t<\/div>\n\t\t\t\t<\/div>\n\t\t\t\t\t<\/div>\n\t\t\t\t<\/div>\n\t\t\t\t<\/div>\n\t\t","protected":false},"excerpt":{"rendered":"<p>Connexion Inscription<\/p>\n","protected":false},"author":3,"featured_media":0,"parent":0,"menu_order":0,"comment_status":"closed","ping_status":"closed","template":"elementor_canvas","meta":{"_seopress_robots_primary_cat":"","_seopress_titles_title":"%%post_title%% %%sep%% %%sitetitle%% %%sep%% Connecte toi! En 3 clicks!","_seopress_titles_desc":"Connecte toi! En 3 clicks chez Nebulix ta platforme de jeu pr\u00e9f\u00e9r\u00e9e! Amuse toi ensemble avec Nebulix et d\u00e9couvre le monde du jeu.Fonce! Fonce!","_seopress_robots_index":"","_eb_attr":"","footnotes":""},"class_list":["post-561","page","type-page","status-publish","hentry"],"_links":{"self":[{"href":"https:\/\/olivia-bioche.mds-angers.yt\/index.php\/wp-json\/wp\/v2\/pages\/561","targetHints":{"allow":["GET"]}}],"collection":[{"href":"https:\/\/olivia-bioche.mds-angers.yt\/index.php\/wp-json\/wp\/v2\/pages"}],"about":[{"href":"https:\/\/olivia-bioche.mds-angers.yt\/index.php\/wp-json\/wp\/v2\/types\/page"}],"author":[{"embeddable":true,"href":"https:\/\/olivia-bioche.mds-angers.yt\/index.php\/wp-json\/wp\/v2\/users\/3"}],"replies":[{"embeddable":true,"href":"https:\/\/olivia-bioche.mds-angers.yt\/index.php\/wp-json\/wp\/v2\/comments?post=561"}],"version-history":[{"count":8,"href":"https:\/\/olivia-bioche.mds-angers.yt\/index.php\/wp-json\/wp\/v2\/pages\/561\/revisions"}],"predecessor-version":[{"id":650,"href":"https:\/\/olivia-bioche.mds-angers.yt\/index.php\/wp-json\/wp\/v2\/pages\/561\/revisions\/650"}],"wp:attachment":[{"href":"https:\/\/olivia-bioche.mds-angers.yt\/index.php\/wp-json\/wp\/v2\/media?parent=561"}],"curies":[{"name":"wp","href":"https:\/\/api.w.org\/{rel}","templated":true}]}}